{"id":5094,"date":"2021-02-23T11:06:07","date_gmt":"2021-02-23T09:06:07","guid":{"rendered":"http:\/\/www.fly-air3.com\/?post_type=ufaq&#038;p=5094"},"modified":"2024-01-22T15:41:38","modified_gmt":"2024-01-22T13:41:38","slug":"can-i-take-pictures-with-air3","status":"publish","type":"ufaq","link":"https:\/\/www.fly-air3.com\/fr\/ufaqs\/can-i-take-pictures-with-air3\/","title":{"rendered":"Puis-je prendre des photos et des vid\u00e9os avec AIR\u00b3?"},"content":{"rendered":"<div  class=\"ewd-ufaq-faq-list ewd-ufaq-page-type-load_more ewd-ufaq-category-tabs- ewd-ufaq-faq-category-title-accordion\" id='ewd-ufaq-faq-list'>\n\n\t<input type='hidden' name='show_on_load' value='' id='ewd-ufaq-show-on-load' \/>\n<input type='hidden' name='include_category' value='' id='ewd-ufaq-include-category' \/>\n<input type='hidden' name='exclude_category' value='' id='ewd-ufaq-exclude-category' \/>\n<input type='hidden' name='orderby' value='title' id='ewd-ufaq-orderby' \/>\n<input type='hidden' name='order' value='asc' id='ewd-ufaq-order' \/>\n<input type='hidden' name='post_count' value='-1' id='ewd-ufaq-post-count' \/>\n<input type='hidden' name='current_url' value='\/fr\/wp-json\/wp\/v2\/ufaq\/5094' id='ewd-ufaq-current-url' \/>\n\t\n\t\n\t<div class='ewd-ufaq-faqs'>\n\n\t\t<div  class=\"ewd-ufaq-faq-div ewd-ufaq-faq-column-count-one ewd-ufaq-faq-responsive-columns- ewd-ufaq-faq-display-style-default ewd-ufaq-can-be-toggled\" id='ewd-ufaq-post-5094-ErLSUUkMRG' data-post_id='5094'>\n\n\t\t\n\t<div class='ewd-ufaq-faq-title ewd-ufaq-faq-toggle'>\n\t\n\t<a class='ewd-ufaq-post-margin'  href='#' role=\"button\">\n\n\t\t<div class='ewd-ufaq-post-margin-symbol ewd-ufaq-square'>\n\t\t\t<span >Un<\/span>\n\t\t<\/div>\n\n\t\t<div class='ewd-ufaq-faq-title-text'>\n\n\t\t\t<h4>\n\t\t\t\tPuis-je prendre des photos et des vid\u00e9os avec AIR\u00b3?\t\t\t<\/h4>\n\n\t\t<\/div>\n\n\t\t<div class='ewd-ufaq-clear'><\/div>\n\n\t<\/a>\n\t\n<\/div>\n\t\n\t<div class='ewd-ufaq-faq-body' >\n\n\t\t\n\t\t\t\n\t\t\n\t\t\t<div class='ewd-ufaq-post-margin ewd-ufaq-faq-post'>\n\t\n<p>AIR\u00b3 dispose de 2 cam\u00e9ras: avant et arri\u00e8re. V\u00e9rifier <a href=\"https:\/\/www.fly-air3.com\/fr\/products\/air3-73-specs\/\" target=\"_blank\" rel=\"noreferrer noopener\">les sp\u00e9cifications AIR\u00b3<\/a> pour plus de d\u00e9tails. Ainsi, vous pouvez prendre des photos ou des vid\u00e9os avec Air\u00b3. <\/p>\n\n\n\n<p>La cam\u00e9ra arri\u00e8re comprend un capteur haute sensibilit\u00e9 qui permet de prendre de bonnes photos lorsque la lumi\u00e8re est faible. L'inconv\u00e9nient de ce capteur haute sensibilit\u00e9 est une photo \u00ab satur\u00e9e \u00bb si vous prenez la photo dans des sc\u00e8nes lumineuses intenses ou avec un flash, si vous \u00eates trop pr\u00e8s des objets que vous prenez.<br>Voici quelques solutions pour contourner le probl\u00e8me: utilisez la cam\u00e9ra avant, utilisez la cam\u00e9ra arri\u00e8re avec le mode HDR.<\/p>\n\n\n\n<p>Cette fonctionnalit\u00e9 a \u00e9t\u00e9 am\u00e9lior\u00e9e avec AIR\u00b3 7.3.<\/p>\n<\/div>\n\t\t\n\t\t\t<div class='ewd-ufaq-faq-custom-fields'>\n\n\t\n<\/div>\n\t\t\n\t\t\t<div class='ewd-ufaq-faq-categories'>\n\t\n\tCategory:\n\t\n\t\tSpecifications\n\t\n<\/div>\n\t\t\n\t\t\t\n\t\t\n\t\t\t\n\t\t\n\t\t\t\n\t\t\n\t\t\t<div class='ewd-ufaq-permalink'>\n\t\n\t<a href='https:\/\/www.fly-air3.com\/fr\/ufaqs\/can-i-take-pictures-with-air3\/'>\n\t\t\n\t\t\t\t <div class='ewd-ufaq-permalink-image'><\/div> \t\n\t<\/a>\n\n<\/div>\n\t\t\n\t\t\t\n\t\t\n\t\t\t<div class='ewd-ufaq-back-to-top'>\n\t\n\t<a class='ewd-ufaq-back-to-top-link'>\n\t\tBack to Top\t<\/a>\n\n<\/div>\n\t\t\n\t<\/div>\n\n<\/div>\n\t<\/div>\n\n\t\n<\/div>","protected":false},"excerpt":{"rendered":"<p>A Can I take pictures and videos with AIR\u00b3? AIR\u00b3 has 2 cameras: front and back. Check AIR\u00b3 specifications for more details. So, you can take pictures or videos with Air\u00b3. The back camera includes a high-sensitivity sensor that allows to take good pictures when the light is weak. The drawback of this high-sensitivity sensor <a href=\"https:\/\/www.fly-air3.com\/fr\/ufaqs\/can-i-take-pictures-with-air3\/\" rel=\"nofollow\"><span class=\"sr-only\">En savoir plus surCan I take pictures and videos with AIR\u00b3?<\/span>[&hellip;]<\/a><\/p>\n","protected":false},"author":1,"featured_media":0,"comment_status":"closed","ping_status":"closed","template":"","ufaq-category":[4],"ufaq-tag":[],"class_list":["post-5094","ufaq","type-ufaq","status-publish","hentry","ufaq-category-air-specifications"],"yoast_head":"<!-- This site is optimized with the Yoast SEO plugin v27.5 - https:\/\/yoast.com\/product\/yoast-seo-wordpress\/ -->\n<title>Can I take pictures and videos with AIR\u00b3? - AIR\u00b3<\/title>\n<meta name=\"robots\" content=\"index, follow, max-snippet:-1, max-image-preview:large, max-video-preview:-1\" \/>\n<link rel=\"canonical\" href=\"https:\/\/www.fly-air3.com\/fr\/ufaqs\/can-i-take-pictures-with-air3\/\" \/>\n<meta property=\"og:locale\" content=\"fr_FR\" \/>\n<meta property=\"og:type\" content=\"article\" \/>\n<meta property=\"og:title\" content=\"Can I take pictures and videos with AIR\u00b3? - AIR\u00b3\" \/>\n<meta property=\"og:description\" content=\"A Can I take pictures and videos with AIR\u00b3? AIR\u00b3 has 2 cameras: front and back. Check AIR\u00b3 specifications for more details. So, you can take pictures or videos with Air\u00b3. The back camera includes a high-sensitivity sensor that allows to take good pictures when the light is weak. The drawback of this high-sensitivity sensor En savoir plus surCan I take pictures and videos with AIR\u00b3?[&hellip;]\" \/>\n<meta property=\"og:url\" content=\"https:\/\/www.fly-air3.com\/fr\/ufaqs\/can-i-take-pictures-with-air3\/\" \/>\n<meta property=\"og:site_name\" content=\"AIR\u00b3\" \/>\n<meta property=\"article:publisher\" content=\"https:\/\/www.facebook.com\/FLYAIRCUBE\/\" \/>\n<meta property=\"article:modified_time\" content=\"2024-01-22T13:41:38+00:00\" \/>\n<meta name=\"twitter:card\" content=\"summary_large_image\" \/>\n<meta name=\"twitter:label1\" content=\"Dur\u00e9e de lecture estim\u00e9e\" \/>\n\t<meta name=\"twitter:data1\" content=\"1 minute\" \/>\n<script type=\"application\/ld+json\" class=\"yoast-schema-graph\">{\"@context\":\"https:\\\/\\\/schema.org\",\"@graph\":[{\"@type\":\"WebPage\",\"@id\":\"https:\\\/\\\/www.fly-air3.com\\\/ufaqs\\\/can-i-take-pictures-with-air3\\\/\",\"url\":\"https:\\\/\\\/www.fly-air3.com\\\/ufaqs\\\/can-i-take-pictures-with-air3\\\/\",\"name\":\"Can I take pictures and videos with AIR\u00b3? - AIR\u00b3\",\"isPartOf\":{\"@id\":\"https:\\\/\\\/www.fly-air3.com\\\/en\\\/#website\"},\"datePublished\":\"2021-02-23T09:06:07+00:00\",\"dateModified\":\"2024-01-22T13:41:38+00:00\",\"breadcrumb\":{\"@id\":\"https:\\\/\\\/www.fly-air3.com\\\/ufaqs\\\/can-i-take-pictures-with-air3\\\/#breadcrumb\"},\"inLanguage\":\"fr-FR\",\"potentialAction\":[{\"@type\":\"ReadAction\",\"target\":[\"https:\\\/\\\/www.fly-air3.com\\\/ufaqs\\\/can-i-take-pictures-with-air3\\\/\"]}]},{\"@type\":\"BreadcrumbList\",\"@id\":\"https:\\\/\\\/www.fly-air3.com\\\/ufaqs\\\/can-i-take-pictures-with-air3\\\/#breadcrumb\",\"itemListElement\":[{\"@type\":\"ListItem\",\"position\":1,\"name\":\"Home\",\"item\":\"https:\\\/\\\/www.fly-air3.com\\\/\"},{\"@type\":\"ListItem\",\"position\":2,\"name\":\"FAQs\",\"item\":\"https:\\\/\\\/www.fly-air3.com\\\/fr\\\/ufaqs\\\/\"},{\"@type\":\"ListItem\",\"position\":3,\"name\":\"Can I take pictures and videos with AIR\u00b3?\"}]},{\"@type\":\"WebSite\",\"@id\":\"https:\\\/\\\/www.fly-air3.com\\\/en\\\/#website\",\"url\":\"https:\\\/\\\/www.fly-air3.com\\\/en\\\/\",\"name\":\"AIR\u00b3\",\"description\":\"All in one Rugged 7&quot; Android New generation paragliding flight instrument. Vario GPS Livetracking\",\"publisher\":{\"@id\":\"https:\\\/\\\/www.fly-air3.com\\\/en\\\/#organization\"},\"potentialAction\":[{\"@type\":\"SearchAction\",\"target\":{\"@type\":\"EntryPoint\",\"urlTemplate\":\"https:\\\/\\\/www.fly-air3.com\\\/en\\\/?s={search_term_string}\"},\"query-input\":{\"@type\":\"PropertyValueSpecification\",\"valueRequired\":true,\"valueName\":\"search_term_string\"}}],\"inLanguage\":\"fr-FR\"},{\"@type\":\"Organization\",\"@id\":\"https:\\\/\\\/www.fly-air3.com\\\/en\\\/#organization\",\"name\":\"Berfon SPRL\",\"url\":\"https:\\\/\\\/www.fly-air3.com\\\/en\\\/\",\"logo\":{\"@type\":\"ImageObject\",\"inLanguage\":\"fr-FR\",\"@id\":\"https:\\\/\\\/www.fly-air3.com\\\/en\\\/#\\\/schema\\\/logo\\\/image\\\/\",\"url\":\"http:\\\/\\\/www.fly-air3.com\\\/wp-content\\\/uploads\\\/sites\\\/15\\\/2019\\\/04\\\/AIR\u00b3-CARRE_Logo.png\",\"contentUrl\":\"http:\\\/\\\/www.fly-air3.com\\\/wp-content\\\/uploads\\\/sites\\\/15\\\/2019\\\/04\\\/AIR\u00b3-CARRE_Logo.png\",\"width\":600,\"height\":600,\"caption\":\"Berfon SPRL\"},\"image\":{\"@id\":\"https:\\\/\\\/www.fly-air3.com\\\/en\\\/#\\\/schema\\\/logo\\\/image\\\/\"},\"sameAs\":[\"https:\\\/\\\/www.facebook.com\\\/FLYAIRCUBE\\\/\"]}]}<\/script>\n<!-- \/ Yoast SEO plugin. -->","yoast_head_json":{"title":"Can I take pictures and videos with AIR\u00b3? - AIR\u00b3","robots":{"index":"index","follow":"follow","max-snippet":"max-snippet:-1","max-image-preview":"max-image-preview:large","max-video-preview":"max-video-preview:-1"},"canonical":"https:\/\/www.fly-air3.com\/fr\/ufaqs\/can-i-take-pictures-with-air3\/","og_locale":"fr_FR","og_type":"article","og_title":"Can I take pictures and videos with AIR\u00b3? - AIR\u00b3","og_description":"A Can I take pictures and videos with AIR\u00b3? AIR\u00b3 has 2 cameras: front and back. Check AIR\u00b3 specifications for more details. So, you can take pictures or videos with Air\u00b3. The back camera includes a high-sensitivity sensor that allows to take good pictures when the light is weak. The drawback of this high-sensitivity sensor En savoir plus surCan I take pictures and videos with AIR\u00b3?[&hellip;]","og_url":"https:\/\/www.fly-air3.com\/fr\/ufaqs\/can-i-take-pictures-with-air3\/","og_site_name":"AIR\u00b3","article_publisher":"https:\/\/www.facebook.com\/FLYAIRCUBE\/","article_modified_time":"2024-01-22T13:41:38+00:00","twitter_card":"summary_large_image","twitter_misc":{"Dur\u00e9e de lecture estim\u00e9e":"1 minute"},"schema":{"@context":"https:\/\/schema.org","@graph":[{"@type":"WebPage","@id":"https:\/\/www.fly-air3.com\/ufaqs\/can-i-take-pictures-with-air3\/","url":"https:\/\/www.fly-air3.com\/ufaqs\/can-i-take-pictures-with-air3\/","name":"Can I take pictures and videos with AIR\u00b3? - AIR\u00b3","isPartOf":{"@id":"https:\/\/www.fly-air3.com\/en\/#website"},"datePublished":"2021-02-23T09:06:07+00:00","dateModified":"2024-01-22T13:41:38+00:00","breadcrumb":{"@id":"https:\/\/www.fly-air3.com\/ufaqs\/can-i-take-pictures-with-air3\/#breadcrumb"},"inLanguage":"fr-FR","potentialAction":[{"@type":"ReadAction","target":["https:\/\/www.fly-air3.com\/ufaqs\/can-i-take-pictures-with-air3\/"]}]},{"@type":"BreadcrumbList","@id":"https:\/\/www.fly-air3.com\/ufaqs\/can-i-take-pictures-with-air3\/#breadcrumb","itemListElement":[{"@type":"ListItem","position":1,"name":"Home","item":"https:\/\/www.fly-air3.com\/"},{"@type":"ListItem","position":2,"name":"FAQs","item":"https:\/\/www.fly-air3.com\/fr\/ufaqs\/"},{"@type":"ListItem","position":3,"name":"Can I take pictures and videos with AIR\u00b3?"}]},{"@type":"WebSite","@id":"https:\/\/www.fly-air3.com\/en\/#website","url":"https:\/\/www.fly-air3.com\/en\/","name":"AIR\u00b3","description":"All in one Rugged 7&quot; Android New generation paragliding flight instrument. Vario GPS Livetracking","publisher":{"@id":"https:\/\/www.fly-air3.com\/en\/#organization"},"potentialAction":[{"@type":"SearchAction","target":{"@type":"EntryPoint","urlTemplate":"https:\/\/www.fly-air3.com\/en\/?s={search_term_string}"},"query-input":{"@type":"PropertyValueSpecification","valueRequired":true,"valueName":"search_term_string"}}],"inLanguage":"fr-FR"},{"@type":"Organization","@id":"https:\/\/www.fly-air3.com\/en\/#organization","name":"Berfon SPRL","url":"https:\/\/www.fly-air3.com\/en\/","logo":{"@type":"ImageObject","inLanguage":"fr-FR","@id":"https:\/\/www.fly-air3.com\/en\/#\/schema\/logo\/image\/","url":"http:\/\/www.fly-air3.com\/wp-content\/uploads\/sites\/15\/2019\/04\/AIR\u00b3-CARRE_Logo.png","contentUrl":"http:\/\/www.fly-air3.com\/wp-content\/uploads\/sites\/15\/2019\/04\/AIR\u00b3-CARRE_Logo.png","width":600,"height":600,"caption":"Berfon SPRL"},"image":{"@id":"https:\/\/www.fly-air3.com\/en\/#\/schema\/logo\/image\/"},"sameAs":["https:\/\/www.facebook.com\/FLYAIRCUBE\/"]}]}},"_links":{"self":[{"href":"https:\/\/www.fly-air3.com\/fr\/wp-json\/wp\/v2\/ufaq\/5094","targetHints":{"allow":["GET"]}}],"collection":[{"href":"https:\/\/www.fly-air3.com\/fr\/wp-json\/wp\/v2\/ufaq"}],"about":[{"href":"https:\/\/www.fly-air3.com\/fr\/wp-json\/wp\/v2\/types\/ufaq"}],"author":[{"embeddable":true,"href":"https:\/\/www.fly-air3.com\/fr\/wp-json\/wp\/v2\/users\/1"}],"replies":[{"embeddable":true,"href":"https:\/\/www.fly-air3.com\/fr\/wp-json\/wp\/v2\/comments?post=5094"}],"wp:attachment":[{"href":"https:\/\/www.fly-air3.com\/fr\/wp-json\/wp\/v2\/media?parent=5094"}],"wp:term":[{"taxonomy":"ufaq-category","embeddable":true,"href":"https:\/\/www.fly-air3.com\/fr\/wp-json\/wp\/v2\/ufaq-category?post=5094"},{"taxonomy":"ufaq-tag","embeddable":true,"href":"https:\/\/www.fly-air3.com\/fr\/wp-json\/wp\/v2\/ufaq-tag?post=5094"}],"curies":[{"name":"wp","href":"https:\/\/api.w.org\/{rel}","templated":true}]}}

Puis-je prendre des photos et des vidéos avec AIR³?

<div  class="ewd-ufaq-faq-list ewd-ufaq-page-type-load_more ewd-ufaq-category-tabs- ewd-ufaq-faq-category-title-accordion" id='ewd-ufaq-faq-list'>

	<input type='hidden' name='show_on_load' value='' id='ewd-ufaq-show-on-load' />
<input type='hidden' name='include_category' value='' id='ewd-ufaq-include-category' />
<input type='hidden' name='exclude_category' value='' id='ewd-ufaq-exclude-category' />
<input type='hidden' name='orderby' value='title' id='ewd-ufaq-orderby' />
<input type='hidden' name='order' value='asc' id='ewd-ufaq-order' />
<input type='hidden' name='post_count' value='-1' id='ewd-ufaq-post-count' />
<input type='hidden' name='current_url' value='/fr/wp-json/wp/v2/ufaq/5094' id='ewd-ufaq-current-url' />
	
	
	<div class='ewd-ufaq-faqs'>

		<div  class="ewd-ufaq-faq-div ewd-ufaq-faq-column-count-one ewd-ufaq-faq-responsive-columns- ewd-ufaq-faq-display-style-default ewd-ufaq-can-be-toggled" id='ewd-ufaq-post-5094-ErLSUUkMRG' data-post_id='5094'>

		
	<div class='ewd-ufaq-faq-title ewd-ufaq-faq-toggle'>
	
	<a class='ewd-ufaq-post-margin'  href='#' role="button">

		<div class='ewd-ufaq-post-margin-symbol ewd-ufaq-square'>
			<span >Un</span>
		</div>

		<div class='ewd-ufaq-faq-title-text'>

			<h4>
				Puis-je prendre des photos et des vidéos avec AIR³?			</h4>

		</div>

		<div class='ewd-ufaq-clear'></div>

	</a>
	
</div>
	
	<div class='ewd-ufaq-faq-body' >

		
			
		
			<div class='ewd-ufaq-post-margin ewd-ufaq-faq-post'>
	
<p>AIR³ dispose de 2 caméras: avant et arrière. Vérifier <a href="https://www.fly-air3.com/fr/products/air3-73-specs/" target="_blank" rel="noreferrer noopener">les spécifications AIR³</a> pour plus de détails. Ainsi, vous pouvez prendre des photos ou des vidéos avec Air³. </p>



<p>La caméra arrière comprend un capteur haute sensibilité qui permet de prendre de bonnes photos lorsque la lumière est faible. L'inconvénient de ce capteur haute sensibilité est une photo « saturée » si vous prenez la photo dans des scènes lumineuses intenses ou avec un flash, si vous êtes trop près des objets que vous prenez.<br>Voici quelques solutions pour contourner le problème: utilisez la caméra avant, utilisez la caméra arrière avec le mode HDR.</p>



<p>Cette fonctionnalité a été améliorée avec AIR³ 7.3.</p>
</div>
		
			<div class='ewd-ufaq-faq-custom-fields'>

	
</div>
		
			<div class='ewd-ufaq-faq-categories'>
	
	Category:
	
		Specifications
	
</div>
		
			
		
			
		
			
		
			<div class='ewd-ufaq-permalink'>
	
	<a href='https://www.fly-air3.com/fr/ufaqs/can-i-take-pictures-with-air3/'>
		
				 <div class='ewd-ufaq-permalink-image'></div> 	
	</a>

</div>
		
			
		
			<div class='ewd-ufaq-back-to-top'>
	
	<a class='ewd-ufaq-back-to-top-link'>
		Back to Top	</a>

</div>
		
	</div>

</div>
	</div>

	
</div>

<!-- This site is optimized with the Yoast SEO plugin v27.5 - https://yoast.com/product/yoast-seo-wordpress/ -->
<title>Can I take pictures and videos with AIR³? - AIR³</title>
<meta name="robots" content="index, follow, max-snippet:-1, max-image-preview:large, max-video-preview:-1" />
<link rel="canonical" href="https://www.fly-air3.com/fr/ufaqs/can-i-take-pictures-with-air3/" />
<meta property="og:locale" content="fr_FR" />
<meta property="og:type" content="article" />
<meta property="og:title" content="Can I take pictures and videos with AIR³? - AIR³" />
<meta property="og:description" content="A Can I take pictures and videos with AIR³? AIR³ has 2 cameras: front and back. Check AIR³ specifications for more details. So, you can take pictures or videos with Air³. The back camera includes a high-sensitivity sensor that allows to take good pictures when the light is weak. The drawback of this high-sensitivity sensor En savoir plus surCan I take pictures and videos with AIR³?[&hellip;]" />
<meta property="og:url" content="https://www.fly-air3.com/fr/ufaqs/can-i-take-pictures-with-air3/" />
<meta property="og:site_name" content="AIR³" />
<meta property="article:publisher" content="https://www.facebook.com/FLYAIRCUBE/" />
<meta property="article:modified_time" content="2024-01-22T13:41:38+00:00" />
<meta name="twitter:card" content="summary_large_image" />
<meta name="twitter:label1" content="Durée de lecture estimée" />
	<meta name="twitter:data1" content="1 minute" />
<script type="application/ld+json" class="yoast-schema-graph">{"@context":"https:\/\/schema.org","@graph":[{"@type":"WebPage","@id":"https:\/\/www.fly-air3.com\/ufaqs\/can-i-take-pictures-with-air3\/","url":"https:\/\/www.fly-air3.com\/ufaqs\/can-i-take-pictures-with-air3\/","name":"Can I take pictures and videos with AIR³? - AIR³","isPartOf":{"@id":"https:\/\/www.fly-air3.com\/en\/#website"},"datePublished":"2021-02-23T09:06:07+00:00","dateModified":"2024-01-22T13:41:38+00:00","breadcrumb":{"@id":"https:\/\/www.fly-air3.com\/ufaqs\/can-i-take-pictures-with-air3\/#breadcrumb"},"inLanguage":"fr-FR","potentialAction":[{"@type":"ReadAction","target":["https:\/\/www.fly-air3.com\/ufaqs\/can-i-take-pictures-with-air3\/"]}]},{"@type":"BreadcrumbList","@id":"https:\/\/www.fly-air3.com\/ufaqs\/can-i-take-pictures-with-air3\/#breadcrumb","itemListElement":[{"@type":"ListItem","position":1,"name":"Home","item":"https:\/\/www.fly-air3.com\/"},{"@type":"ListItem","position":2,"name":"FAQs","item":"https:\/\/www.fly-air3.com\/fr\/ufaqs\/"},{"@type":"ListItem","position":3,"name":"Can I take pictures and videos with AIR³?"}]},{"@type":"WebSite","@id":"https:\/\/www.fly-air3.com\/en\/#website","url":"https:\/\/www.fly-air3.com\/en\/","name":"AIR³","description":"All in one Rugged 7&quot; Android New generation paragliding flight instrument. Vario GPS Livetracking","publisher":{"@id":"https:\/\/www.fly-air3.com\/en\/#organization"},"potentialAction":[{"@type":"SearchAction","target":{"@type":"EntryPoint","urlTemplate":"https:\/\/www.fly-air3.com\/en\/?s={search_term_string}"},"query-input":{"@type":"PropertyValueSpecification","valueRequired":true,"valueName":"search_term_string"}}],"inLanguage":"fr-FR"},{"@type":"Organization","@id":"https:\/\/www.fly-air3.com\/en\/#organization","name":"Berfon SPRL","url":"https:\/\/www.fly-air3.com\/en\/","logo":{"@type":"ImageObject","inLanguage":"fr-FR","@id":"https:\/\/www.fly-air3.com\/en\/#\/schema\/logo\/image\/","url":"http:\/\/www.fly-air3.com\/wp-content\/uploads\/sites\/15\/2019\/04\/AIR³-CARRE_Logo.png","contentUrl":"http:\/\/www.fly-air3.com\/wp-content\/uploads\/sites\/15\/2019\/04\/AIR³-CARRE_Logo.png","width":600,"height":600,"caption":"Berfon SPRL"},"image":{"@id":"https:\/\/www.fly-air3.com\/en\/#\/schema\/logo\/image\/"},"sameAs":["https:\/\/www.facebook.com\/FLYAIRCUBE\/"]}]}</script>
<!-- / Yoast SEO plugin. -->
