{"id":8292,"date":"2023-03-25T09:36:48","date_gmt":"2023-03-25T07:36:48","guid":{"rendered":"https:\/\/www.fly-air3.com\/?post_type=ufaq&#038;p=8292"},"modified":"2025-10-19T08:29:48","modified_gmt":"2025-10-19T06:29:48","slug":"can-i-use-an-esim-with-air3","status":"publish","type":"ufaq","link":"https:\/\/www.fly-air3.com\/fr\/ufaqs\/can-i-use-an-esim-with-air3\/","title":{"rendered":"Puis-je utiliser une eSIM avec AIR\u00b3\u00a0?"},"content":{"rendered":"<div  class=\"ewd-ufaq-faq-list ewd-ufaq-page-type-load_more ewd-ufaq-category-tabs- ewd-ufaq-faq-category-title-accordion\" id='ewd-ufaq-faq-list'>\n\n\t<input type='hidden' name='show_on_load' value='' id='ewd-ufaq-show-on-load' \/>\n<input type='hidden' name='include_category' value='' id='ewd-ufaq-include-category' \/>\n<input type='hidden' name='exclude_category' value='' id='ewd-ufaq-exclude-category' \/>\n<input type='hidden' name='orderby' value='title' id='ewd-ufaq-orderby' \/>\n<input type='hidden' name='order' value='asc' id='ewd-ufaq-order' \/>\n<input type='hidden' name='post_count' value='-1' id='ewd-ufaq-post-count' \/>\n<input type='hidden' name='current_url' value='\/fr\/wp-json\/wp\/v2\/ufaq\/8292' id='ewd-ufaq-current-url' \/>\n\t\n\t\n\t<div class='ewd-ufaq-faqs'>\n\n\t\t<div  class=\"ewd-ufaq-faq-div ewd-ufaq-faq-column-count-one ewd-ufaq-faq-responsive-columns- ewd-ufaq-faq-display-style-default ewd-ufaq-can-be-toggled\" id='ewd-ufaq-post-8292-Kns67ZeNcI' data-post_id='8292'>\n\n\t\t\n\t<div class='ewd-ufaq-faq-title ewd-ufaq-faq-toggle'>\n\t\n\t<a class='ewd-ufaq-post-margin'  href='#' role=\"button\">\n\n\t\t<div class='ewd-ufaq-post-margin-symbol ewd-ufaq-square'>\n\t\t\t<span >Un<\/span>\n\t\t<\/div>\n\n\t\t<div class='ewd-ufaq-faq-title-text'>\n\n\t\t\t<h4>\n\t\t\t\tPuis-je utiliser une eSIM avec AIR\u00b3\u00a0?\t\t\t<\/h4>\n\n\t\t<\/div>\n\n\t\t<div class='ewd-ufaq-clear'><\/div>\n\n\t<\/a>\n\t\n<\/div>\n\t\n\t<div class='ewd-ufaq-faq-body' >\n\n\t\t\n\t\t\t\n\t\t\n\t\t\t<div class='ewd-ufaq-post-margin ewd-ufaq-faq-post'>\n\t\n<p>La r\u00e9ponse est OUI!<\/p>\n\n\n\n<p>Cependant, vous devrez utiliser une carte eSIM pour convertir l'AIR\u00b3 en une unit\u00e9 compatible eSIM.<\/p>\n\n\n\n<p><a href=\"https:\/\/esim.me\/esim-me-card-single-2-en?tracking=xI3KlPwBQZlGFjYBGOe4asWjw5ES6oYwZ1fdstvzbU7MoRGQ1uRuNAYeaMXs7FOF\" target=\"_blank\" rel=\"noreferrer noopener\">La solution eSIM.me a \u00e9t\u00e9 test\u00e9e avec succ\u00e8s, cliquez ici.<\/a><\/p>\n\n\n\n<p>Avec une telle carte eSIM, o\u00f9 que vous alliez, vous pouvez facilement obtenir un profil eSIM pour obtenir un num\u00e9ro de t\u00e9l\u00e9phone Internet et\/ou local sans avoir besoin d'une carte SIM physique suppl\u00e9mentaire.<\/p>\n\n\n\n<p><\/p>\n<\/div>\n\t\t\n\t\t\t<div class='ewd-ufaq-faq-custom-fields'>\n\n\t\n<\/div>\n\t\t\n\t\t\t<div class='ewd-ufaq-faq-categories'>\n\t\n\tCategories:\n\t\n\t\tHow to\n\t\n\t\tSpecifications\n\t\n<\/div>\n\t\t\n\t\t\t\n\t\t\n\t\t\t\n\t\t\n\t\t\t\n\t\t\n\t\t\t<div class='ewd-ufaq-permalink'>\n\t\n\t<a href='https:\/\/www.fly-air3.com\/fr\/ufaqs\/can-i-use-an-esim-with-air3\/'>\n\t\t\n\t\t\t\t <div class='ewd-ufaq-permalink-image'><\/div> \t\n\t<\/a>\n\n<\/div>\n\t\t\n\t\t\t\n\t\t\n\t\t\t<div class='ewd-ufaq-back-to-top'>\n\t\n\t<a class='ewd-ufaq-back-to-top-link'>\n\t\tBack to Top\t<\/a>\n\n<\/div>\n\t\t\n\t<\/div>\n\n<\/div>\n\t<\/div>\n\n\t\n<\/div>","protected":false},"excerpt":{"rendered":"<p>A Can I use an eSIM with AIR\u00b3? The answer is YES! However, you will need to use an eSIM card to convert the AIR\u00b3 into an eSIM compatible unit. The eSIM.me solution has been successfully tested, click here. With such eSIM card, where ever you go, you can easily get an eSIM profile to <a href=\"https:\/\/www.fly-air3.com\/fr\/ufaqs\/can-i-use-an-esim-with-air3\/\" rel=\"nofollow\"><span class=\"sr-only\">En savoir plus surCan I use an eSIM with AIR\u00b3?<\/span>[&hellip;]<\/a><\/p>\n","protected":false},"author":1,"featured_media":0,"comment_status":"closed","ping_status":"closed","template":"","ufaq-category":[11,4],"ufaq-tag":[],"class_list":["post-8292","ufaq","type-ufaq","status-publish","hentry","ufaq-category-how-to","ufaq-category-air-specifications"],"yoast_head":"<!-- This site is optimized with the Yoast SEO plugin v27.5 - https:\/\/yoast.com\/product\/yoast-seo-wordpress\/ -->\n<title>Can I use an eSIM with AIR\u00b3? - AIR\u00b3<\/title>\n<meta name=\"robots\" content=\"index, follow, max-snippet:-1, max-image-preview:large, max-video-preview:-1\" \/>\n<link rel=\"canonical\" href=\"https:\/\/www.fly-air3.com\/fr\/ufaqs\/can-i-use-an-esim-with-air3\/\" \/>\n<meta property=\"og:locale\" content=\"fr_FR\" \/>\n<meta property=\"og:type\" content=\"article\" \/>\n<meta property=\"og:title\" content=\"Can I use an eSIM with AIR\u00b3? - AIR\u00b3\" \/>\n<meta property=\"og:description\" content=\"A Can I use an eSIM with AIR\u00b3? The answer is YES! However, you will need to use an eSIM card to convert the AIR\u00b3 into an eSIM compatible unit. The eSIM.me solution has been successfully tested, click here. With such eSIM card, where ever you go, you can easily get an eSIM profile to En savoir plus surCan I use an eSIM with AIR\u00b3?[&hellip;]\" \/>\n<meta property=\"og:url\" content=\"https:\/\/www.fly-air3.com\/fr\/ufaqs\/can-i-use-an-esim-with-air3\/\" \/>\n<meta property=\"og:site_name\" content=\"AIR\u00b3\" \/>\n<meta property=\"article:publisher\" content=\"https:\/\/www.facebook.com\/FLYAIRCUBE\/\" \/>\n<meta property=\"article:modified_time\" content=\"2025-10-19T06:29:48+00:00\" \/>\n<meta name=\"twitter:card\" content=\"summary_large_image\" \/>\n<meta name=\"twitter:label1\" content=\"Dur\u00e9e de lecture estim\u00e9e\" \/>\n\t<meta name=\"twitter:data1\" content=\"1 minute\" \/>\n<script type=\"application\/ld+json\" class=\"yoast-schema-graph\">{\"@context\":\"https:\\\/\\\/schema.org\",\"@graph\":[{\"@type\":\"WebPage\",\"@id\":\"https:\\\/\\\/www.fly-air3.com\\\/ufaqs\\\/can-i-use-an-esim-with-air3\\\/\",\"url\":\"https:\\\/\\\/www.fly-air3.com\\\/ufaqs\\\/can-i-use-an-esim-with-air3\\\/\",\"name\":\"Can I use an eSIM with AIR\u00b3? - AIR\u00b3\",\"isPartOf\":{\"@id\":\"https:\\\/\\\/www.fly-air3.com\\\/en\\\/#website\"},\"datePublished\":\"2023-03-25T07:36:48+00:00\",\"dateModified\":\"2025-10-19T06:29:48+00:00\",\"breadcrumb\":{\"@id\":\"https:\\\/\\\/www.fly-air3.com\\\/ufaqs\\\/can-i-use-an-esim-with-air3\\\/#breadcrumb\"},\"inLanguage\":\"fr-FR\",\"potentialAction\":[{\"@type\":\"ReadAction\",\"target\":[\"https:\\\/\\\/www.fly-air3.com\\\/ufaqs\\\/can-i-use-an-esim-with-air3\\\/\"]}]},{\"@type\":\"BreadcrumbList\",\"@id\":\"https:\\\/\\\/www.fly-air3.com\\\/ufaqs\\\/can-i-use-an-esim-with-air3\\\/#breadcrumb\",\"itemListElement\":[{\"@type\":\"ListItem\",\"position\":1,\"name\":\"Home\",\"item\":\"https:\\\/\\\/www.fly-air3.com\\\/\"},{\"@type\":\"ListItem\",\"position\":2,\"name\":\"FAQs\",\"item\":\"https:\\\/\\\/www.fly-air3.com\\\/fr\\\/ufaqs\\\/\"},{\"@type\":\"ListItem\",\"position\":3,\"name\":\"Can I use an eSIM with AIR\u00b3?\"}]},{\"@type\":\"WebSite\",\"@id\":\"https:\\\/\\\/www.fly-air3.com\\\/en\\\/#website\",\"url\":\"https:\\\/\\\/www.fly-air3.com\\\/en\\\/\",\"name\":\"AIR\u00b3\",\"description\":\"All in one Rugged 7&quot; Android New generation paragliding flight instrument. Vario GPS Livetracking\",\"publisher\":{\"@id\":\"https:\\\/\\\/www.fly-air3.com\\\/en\\\/#organization\"},\"potentialAction\":[{\"@type\":\"SearchAction\",\"target\":{\"@type\":\"EntryPoint\",\"urlTemplate\":\"https:\\\/\\\/www.fly-air3.com\\\/en\\\/?s={search_term_string}\"},\"query-input\":{\"@type\":\"PropertyValueSpecification\",\"valueRequired\":true,\"valueName\":\"search_term_string\"}}],\"inLanguage\":\"fr-FR\"},{\"@type\":\"Organization\",\"@id\":\"https:\\\/\\\/www.fly-air3.com\\\/en\\\/#organization\",\"name\":\"Berfon SPRL\",\"url\":\"https:\\\/\\\/www.fly-air3.com\\\/en\\\/\",\"logo\":{\"@type\":\"ImageObject\",\"inLanguage\":\"fr-FR\",\"@id\":\"https:\\\/\\\/www.fly-air3.com\\\/en\\\/#\\\/schema\\\/logo\\\/image\\\/\",\"url\":\"http:\\\/\\\/www.fly-air3.com\\\/wp-content\\\/uploads\\\/sites\\\/15\\\/2019\\\/04\\\/AIR\u00b3-CARRE_Logo.png\",\"contentUrl\":\"http:\\\/\\\/www.fly-air3.com\\\/wp-content\\\/uploads\\\/sites\\\/15\\\/2019\\\/04\\\/AIR\u00b3-CARRE_Logo.png\",\"width\":600,\"height\":600,\"caption\":\"Berfon SPRL\"},\"image\":{\"@id\":\"https:\\\/\\\/www.fly-air3.com\\\/en\\\/#\\\/schema\\\/logo\\\/image\\\/\"},\"sameAs\":[\"https:\\\/\\\/www.facebook.com\\\/FLYAIRCUBE\\\/\"]}]}<\/script>\n<!-- \/ Yoast SEO plugin. -->","yoast_head_json":{"title":"Can I use an eSIM with AIR\u00b3? - AIR\u00b3","robots":{"index":"index","follow":"follow","max-snippet":"max-snippet:-1","max-image-preview":"max-image-preview:large","max-video-preview":"max-video-preview:-1"},"canonical":"https:\/\/www.fly-air3.com\/fr\/ufaqs\/can-i-use-an-esim-with-air3\/","og_locale":"fr_FR","og_type":"article","og_title":"Can I use an eSIM with AIR\u00b3? - AIR\u00b3","og_description":"A Can I use an eSIM with AIR\u00b3? The answer is YES! However, you will need to use an eSIM card to convert the AIR\u00b3 into an eSIM compatible unit. The eSIM.me solution has been successfully tested, click here. With such eSIM card, where ever you go, you can easily get an eSIM profile to En savoir plus surCan I use an eSIM with AIR\u00b3?[&hellip;]","og_url":"https:\/\/www.fly-air3.com\/fr\/ufaqs\/can-i-use-an-esim-with-air3\/","og_site_name":"AIR\u00b3","article_publisher":"https:\/\/www.facebook.com\/FLYAIRCUBE\/","article_modified_time":"2025-10-19T06:29:48+00:00","twitter_card":"summary_large_image","twitter_misc":{"Dur\u00e9e de lecture estim\u00e9e":"1 minute"},"schema":{"@context":"https:\/\/schema.org","@graph":[{"@type":"WebPage","@id":"https:\/\/www.fly-air3.com\/ufaqs\/can-i-use-an-esim-with-air3\/","url":"https:\/\/www.fly-air3.com\/ufaqs\/can-i-use-an-esim-with-air3\/","name":"Can I use an eSIM with AIR\u00b3? - AIR\u00b3","isPartOf":{"@id":"https:\/\/www.fly-air3.com\/en\/#website"},"datePublished":"2023-03-25T07:36:48+00:00","dateModified":"2025-10-19T06:29:48+00:00","breadcrumb":{"@id":"https:\/\/www.fly-air3.com\/ufaqs\/can-i-use-an-esim-with-air3\/#breadcrumb"},"inLanguage":"fr-FR","potentialAction":[{"@type":"ReadAction","target":["https:\/\/www.fly-air3.com\/ufaqs\/can-i-use-an-esim-with-air3\/"]}]},{"@type":"BreadcrumbList","@id":"https:\/\/www.fly-air3.com\/ufaqs\/can-i-use-an-esim-with-air3\/#breadcrumb","itemListElement":[{"@type":"ListItem","position":1,"name":"Home","item":"https:\/\/www.fly-air3.com\/"},{"@type":"ListItem","position":2,"name":"FAQs","item":"https:\/\/www.fly-air3.com\/fr\/ufaqs\/"},{"@type":"ListItem","position":3,"name":"Can I use an eSIM with AIR\u00b3?"}]},{"@type":"WebSite","@id":"https:\/\/www.fly-air3.com\/en\/#website","url":"https:\/\/www.fly-air3.com\/en\/","name":"AIR\u00b3","description":"All in one Rugged 7&quot; Android New generation paragliding flight instrument. Vario GPS Livetracking","publisher":{"@id":"https:\/\/www.fly-air3.com\/en\/#organization"},"potentialAction":[{"@type":"SearchAction","target":{"@type":"EntryPoint","urlTemplate":"https:\/\/www.fly-air3.com\/en\/?s={search_term_string}"},"query-input":{"@type":"PropertyValueSpecification","valueRequired":true,"valueName":"search_term_string"}}],"inLanguage":"fr-FR"},{"@type":"Organization","@id":"https:\/\/www.fly-air3.com\/en\/#organization","name":"Berfon SPRL","url":"https:\/\/www.fly-air3.com\/en\/","logo":{"@type":"ImageObject","inLanguage":"fr-FR","@id":"https:\/\/www.fly-air3.com\/en\/#\/schema\/logo\/image\/","url":"http:\/\/www.fly-air3.com\/wp-content\/uploads\/sites\/15\/2019\/04\/AIR\u00b3-CARRE_Logo.png","contentUrl":"http:\/\/www.fly-air3.com\/wp-content\/uploads\/sites\/15\/2019\/04\/AIR\u00b3-CARRE_Logo.png","width":600,"height":600,"caption":"Berfon SPRL"},"image":{"@id":"https:\/\/www.fly-air3.com\/en\/#\/schema\/logo\/image\/"},"sameAs":["https:\/\/www.facebook.com\/FLYAIRCUBE\/"]}]}},"_links":{"self":[{"href":"https:\/\/www.fly-air3.com\/fr\/wp-json\/wp\/v2\/ufaq\/8292","targetHints":{"allow":["GET"]}}],"collection":[{"href":"https:\/\/www.fly-air3.com\/fr\/wp-json\/wp\/v2\/ufaq"}],"about":[{"href":"https:\/\/www.fly-air3.com\/fr\/wp-json\/wp\/v2\/types\/ufaq"}],"author":[{"embeddable":true,"href":"https:\/\/www.fly-air3.com\/fr\/wp-json\/wp\/v2\/users\/1"}],"replies":[{"embeddable":true,"href":"https:\/\/www.fly-air3.com\/fr\/wp-json\/wp\/v2\/comments?post=8292"}],"wp:attachment":[{"href":"https:\/\/www.fly-air3.com\/fr\/wp-json\/wp\/v2\/media?parent=8292"}],"wp:term":[{"taxonomy":"ufaq-category","embeddable":true,"href":"https:\/\/www.fly-air3.com\/fr\/wp-json\/wp\/v2\/ufaq-category?post=8292"},{"taxonomy":"ufaq-tag","embeddable":true,"href":"https:\/\/www.fly-air3.com\/fr\/wp-json\/wp\/v2\/ufaq-tag?post=8292"}],"curies":[{"name":"wp","href":"https:\/\/api.w.org\/{rel}","templated":true}]}}

<div  class="ewd-ufaq-faq-list ewd-ufaq-page-type-load_more ewd-ufaq-category-tabs- ewd-ufaq-faq-category-title-accordion" id='ewd-ufaq-faq-list'>

	<input type='hidden' name='show_on_load' value='' id='ewd-ufaq-show-on-load' />
<input type='hidden' name='include_category' value='' id='ewd-ufaq-include-category' />
<input type='hidden' name='exclude_category' value='' id='ewd-ufaq-exclude-category' />
<input type='hidden' name='orderby' value='title' id='ewd-ufaq-orderby' />
<input type='hidden' name='order' value='asc' id='ewd-ufaq-order' />
<input type='hidden' name='post_count' value='-1' id='ewd-ufaq-post-count' />
<input type='hidden' name='current_url' value='/fr/wp-json/wp/v2/ufaq/8292' id='ewd-ufaq-current-url' />
	
	
	<div class='ewd-ufaq-faqs'>

		<div  class="ewd-ufaq-faq-div ewd-ufaq-faq-column-count-one ewd-ufaq-faq-responsive-columns- ewd-ufaq-faq-display-style-default ewd-ufaq-can-be-toggled" id='ewd-ufaq-post-8292-Kns67ZeNcI' data-post_id='8292'>

		
	<div class='ewd-ufaq-faq-title ewd-ufaq-faq-toggle'>
	
	<a class='ewd-ufaq-post-margin'  href='#' role="button">

		<div class='ewd-ufaq-post-margin-symbol ewd-ufaq-square'>
			<span >Un</span>
		</div>

		<div class='ewd-ufaq-faq-title-text'>

			<h4>
				Puis-je utiliser une eSIM avec AIR³ ?			</h4>

		</div>

		<div class='ewd-ufaq-clear'></div>

	</a>
	
</div>
	
	<div class='ewd-ufaq-faq-body' >

		
			
		
			<div class='ewd-ufaq-post-margin ewd-ufaq-faq-post'>
	
<p>La réponse est OUI!</p>



<p>Cependant, vous devrez utiliser une carte eSIM pour convertir l'AIR³ en une unité compatible eSIM.</p>



<p><a href="https://esim.me/esim-me-card-single-2-en?tracking=xI3KlPwBQZlGFjYBGOe4asWjw5ES6oYwZ1fdstvzbU7MoRGQ1uRuNAYeaMXs7FOF" target="_blank" rel="noreferrer noopener">La solution eSIM.me a été testée avec succès, cliquez ici.</a></p>



<p>Avec une telle carte eSIM, où que vous alliez, vous pouvez facilement obtenir un profil eSIM pour obtenir un numéro de téléphone Internet et/ou local sans avoir besoin d'une carte SIM physique supplémentaire.</p>



<p></p>
</div>
		
			<div class='ewd-ufaq-faq-custom-fields'>

	
</div>
		
			<div class='ewd-ufaq-faq-categories'>
	
	Categories:
	
		How to
	
		Specifications
	
</div>
		
			
		
			
		
			
		
			<div class='ewd-ufaq-permalink'>
	
	<a href='https://www.fly-air3.com/fr/ufaqs/can-i-use-an-esim-with-air3/'>
		
				 <div class='ewd-ufaq-permalink-image'></div> 	
	</a>

</div>
		
			
		
			<div class='ewd-ufaq-back-to-top'>
	
	<a class='ewd-ufaq-back-to-top-link'>
		Back to Top	</a>

</div>
		
	</div>

</div>
	</div>

	
</div>

<!-- This site is optimized with the Yoast SEO plugin v27.5 - https://yoast.com/product/yoast-seo-wordpress/ -->
<title>Can I use an eSIM with AIR³? - AIR³</title>
<meta name="robots" content="index, follow, max-snippet:-1, max-image-preview:large, max-video-preview:-1" />
<link rel="canonical" href="https://www.fly-air3.com/fr/ufaqs/can-i-use-an-esim-with-air3/" />
<meta property="og:locale" content="fr_FR" />
<meta property="og:type" content="article" />
<meta property="og:title" content="Can I use an eSIM with AIR³? - AIR³" />
<meta property="og:description" content="A Can I use an eSIM with AIR³? The answer is YES! However, you will need to use an eSIM card to convert the AIR³ into an eSIM compatible unit. The eSIM.me solution has been successfully tested, click here. With such eSIM card, where ever you go, you can easily get an eSIM profile to En savoir plus surCan I use an eSIM with AIR³?[&hellip;]" />
<meta property="og:url" content="https://www.fly-air3.com/fr/ufaqs/can-i-use-an-esim-with-air3/" />
<meta property="og:site_name" content="AIR³" />
<meta property="article:publisher" content="https://www.facebook.com/FLYAIRCUBE/" />
<meta property="article:modified_time" content="2025-10-19T06:29:48+00:00" />
<meta name="twitter:card" content="summary_large_image" />
<meta name="twitter:label1" content="Durée de lecture estimée" />
	<meta name="twitter:data1" content="1 minute" />
<script type="application/ld+json" class="yoast-schema-graph">{"@context":"https:\/\/schema.org","@graph":[{"@type":"WebPage","@id":"https:\/\/www.fly-air3.com\/ufaqs\/can-i-use-an-esim-with-air3\/","url":"https:\/\/www.fly-air3.com\/ufaqs\/can-i-use-an-esim-with-air3\/","name":"Can I use an eSIM with AIR³? - AIR³","isPartOf":{"@id":"https:\/\/www.fly-air3.com\/en\/#website"},"datePublished":"2023-03-25T07:36:48+00:00","dateModified":"2025-10-19T06:29:48+00:00","breadcrumb":{"@id":"https:\/\/www.fly-air3.com\/ufaqs\/can-i-use-an-esim-with-air3\/#breadcrumb"},"inLanguage":"fr-FR","potentialAction":[{"@type":"ReadAction","target":["https:\/\/www.fly-air3.com\/ufaqs\/can-i-use-an-esim-with-air3\/"]}]},{"@type":"BreadcrumbList","@id":"https:\/\/www.fly-air3.com\/ufaqs\/can-i-use-an-esim-with-air3\/#breadcrumb","itemListElement":[{"@type":"ListItem","position":1,"name":"Home","item":"https:\/\/www.fly-air3.com\/"},{"@type":"ListItem","position":2,"name":"FAQs","item":"https:\/\/www.fly-air3.com\/fr\/ufaqs\/"},{"@type":"ListItem","position":3,"name":"Can I use an eSIM with AIR³?"}]},{"@type":"WebSite","@id":"https:\/\/www.fly-air3.com\/en\/#website","url":"https:\/\/www.fly-air3.com\/en\/","name":"AIR³","description":"All in one Rugged 7&quot; Android New generation paragliding flight instrument. Vario GPS Livetracking","publisher":{"@id":"https:\/\/www.fly-air3.com\/en\/#organization"},"potentialAction":[{"@type":"SearchAction","target":{"@type":"EntryPoint","urlTemplate":"https:\/\/www.fly-air3.com\/en\/?s={search_term_string}"},"query-input":{"@type":"PropertyValueSpecification","valueRequired":true,"valueName":"search_term_string"}}],"inLanguage":"fr-FR"},{"@type":"Organization","@id":"https:\/\/www.fly-air3.com\/en\/#organization","name":"Berfon SPRL","url":"https:\/\/www.fly-air3.com\/en\/","logo":{"@type":"ImageObject","inLanguage":"fr-FR","@id":"https:\/\/www.fly-air3.com\/en\/#\/schema\/logo\/image\/","url":"http:\/\/www.fly-air3.com\/wp-content\/uploads\/sites\/15\/2019\/04\/AIR³-CARRE_Logo.png","contentUrl":"http:\/\/www.fly-air3.com\/wp-content\/uploads\/sites\/15\/2019\/04\/AIR³-CARRE_Logo.png","width":600,"height":600,"caption":"Berfon SPRL"},"image":{"@id":"https:\/\/www.fly-air3.com\/en\/#\/schema\/logo\/image\/"},"sameAs":["https:\/\/www.facebook.com\/FLYAIRCUBE\/"]}]}</script>
<!-- / Yoast SEO plugin. -->
